of 126/i*235/2?
4
Suppose 206*l - 5*y = 201*l - 5, -2 = 5*l - 2*y. Let c(t) = -59. Let s(b) = -b + 118. Let z(n) = 11*c(n) + 6*s(n). What is the units digit of z(l)?
9
Let l(f) = 5*f**3 + 11*f**2 - 13*f + 10. Let m(v) = 11*v**3 + 23*v**2 - 27*v + 19. Let z(w) = 9*l(w) - 4*m(w). What is the tens digit of z(-8)?
2
Let d be (-2)/4*(2 - 2). Let v be (1 - -2) + (9/12)/(33/88). Suppose 5*t + v*t - 1770 = d. What is the hundreds digit of t?
1
Let n = 131 + -128. Suppose 7*j = 2*j, -5*a = n*j - 980. What is the tens digit of a?
9
Suppose 0 = 117*i - 122*i - 10. What is the hundreds digit of ((-1611)/i + 3)*(-8)/(-12)?
5
Let n = 22048 + -12853. What is the hundreds digit of n?
1
Let x(i) = -10*i**3 - 3*i**2 + 10*i + 20. Suppose 5*s + 2*j + 19 = 0, 0 = -9*s + 5*s - 4*j - 20. What is the tens digit of x(s)?
3
Let s = 3 + 0. Suppose 2*z - 37 = -s. Suppose 0 = -z*c + 14*c + 141. What is the tens digit of c?
4
Let f(g) = 2*g**2 - 17*g + 26. Let u be f(7). Suppose 2*m = 2*d + 1402, -526 - 159 = -m + u*d. What is the units digit of m?
5
What is the ten thousands digit of (2884/364 - 8)*-639509?
4
Let d be (-2)/(-5) - (-3 - (-8)/20). Let p(f) = 9*f**2 - d*f**2 - 19*f - 5*f**2 + 20. What is the units digit of p(18)?
2
Let b be (-6 - 91)/(-1 + 0). Suppose 6*q - b + 61 = 0. What is the units digit of q?
6
Let l be (19*1)/((120/(-12))/(-10)). Suppose l*o = 1645 + 2136. What is the hundreds digit of o?
1
Let g be 16/(-10)*((-60)/(-24))/(-1). Suppose -g*c - 5*j + 976 = 0, j + 3 + 997 = 4*c. What is the hundreds digit of c?
2
Let x = -435 + 428. Let w(t) = -2*t**3 + 6*t**2 + 22*t + 136. What is the hundreds digit of w(x)?
9
Suppose 0 = 11*d + 4764 - 11540. Suppose 2184 = 8*s - d. What is the tens digit of s?
5
Let k(o) = -7*o - 53. Let s be k(-8). Let l be (2 - 0) + (1 - s). Suppose l*r = -4*r + 3*f + 21, 0 = -2*r + 5*f + 7. What is the units digit of r?
6
Let x(n) = n**2 + 3*n - 22. Let k be x(-8). Let b = k + -39. Let t = 80 + b. What is the units digit of t?
9
Let g = -2000 + 11878. What is the tens digit of g?
7
Let o be 0/(-4) + (-2)/(2/(-47)). Let p = o - 13. Suppose -30*n + p*n = 452. What is the hundreds digit of n?
1
Let w(o) = -o**3 + 16*o**2 + 13*o + 29. Let k(b) = -b**2 - b + 1. Let y(j) = -3*k(j) + w(j). Let g be y(19). What is the tens digit of g/24 + 3/12?
1
Let u be (-1)/((12/4)/(-3)). Let q be u*(-1 - 0/(-4)). What is the tens digit of (15 - 1) + -3 - (q + -1)?
1
Suppose 2*y = -5*c + 96962, 4*c - 3*y - 36582 = 40983. Suppose -17*f + c = -f. What is the hundreds digit of f?
2
Let u = -37 - -39. Let t(v) = v + 2*v - 2*v**2 + 0 - 2 + 100*v**3 + 0*v**u. What is the units digit of t(1)?
9
What is the tens digit of (-4723383)/(-555) + 4/10?
1
Let w(k) = -165*k - 2139. Let c be w(-13). Let o(u) = -2*u**2 - 3*u + 9*u - 6 + 9*u. What is the units digit of o(c)?
2
Let s = -84 - -258. Suppose 3*h - 852 = -5*w, w - s + 14 = 2*h. Let b = w - 113. What is the units digit of b?
5
Let r(w) = -20*w**3 + 47*w**2 + 12*w + 17. What is the thousands digit of r(-8)?
3
Let b = 5306 - 1335. What is the hundreds digit of b?
9
Suppose 5*m = c + c + 38, -3*c = -5*m + 42. Let i(w) = 10*w**3 - 11*w**2 - 14*w + 7. Let x be i(m). Suppose 5*o - x = -2*o. What is the units digit of o?
1
Let q be 1/(3/(-24)) + -2. Suppose -5 = 4*w + 31. What is the units digit of ((-8)/q)/(w/(-765))?
8
Let m be 1/1 - (-6)/(-6). Suppose 0 = 2*k + 3*l + 58, m = 3*k - k - l + 58. Let b = -18 - k. What is the units digit of b?
1
Suppose 403*u = 426*u - 1313484. What is the tens digit of u?
0
Let n be (59 - 60)/(2/(-8)). Suppose 9*h - 4*h = 10, -w + n*h + 839 = 0. What is the hundreds digit of w?
8
Let n(i) = -4*i**3 + 18*i**2 + 68*i + 153. What is the thousands digit of n(-13)?
1
Let o(c) = -c - 5. Let z be o(-12). Suppose z*n + 511 = 14*n. What is the tens digit of n?
7
Let n(v) be the first derivative of v**4/4 + 14*v**3/3 - 31*v**2/2 + 18*v - 34. Let f be n(-16). Let o(j) = 122*j + 10. What is the units digit of o(f)?
4
Let g(v) be the second derivative of v**4/3 - 53*v**3/3 + 13*v**2/2 + 52*v + 1. What is the tens digit of g(35)?
0
Suppose 3*b - 18236 - 4992 = -x, 0 = -b - 5*x + 7752. What is the hundreds digit of b?
7
Let m be (23 - 18)*(42 + 1). Let x = -118 + m. Let b = x + -58. What is the tens digit of b?
3
Let q = -42986 + 61884. What is the thousands digit of q?
8
Suppose 11*u = w + 19*u - 5030, -u = -w + 5021. What is the units digit of w?
2
Let h(u) = -u**3 - 4. Let z be h(-3). Suppose 27*m - z*m = 8. Suppose m*q - 374 = 176. What is the hundreds digit of q?
2
Let t(g) = 26*g**2 + g - 2. Let l be t(-2). Suppose -104*a = -l*a - 2004. What is the tens digit of a?
0
Suppose 1372 = 13*w - 6*w. Suppose -2*o = 3*h - 414, 0*h = o - 4*h - w. What is the hundreds digit of o?
2
Suppose 0 = 5*u - l - 32, 2*l + 2 = l. Let v(k) = 17*k + 10. Let t be v(u). Suppose -119 = -2*q + 3*r, -3*q = -5*q - 4*r + t. What is the units digit of q?
8
Let p = 4724 + 2850. What is the hundreds digit of p?
5
Let z = -30 - -139. Let x = 106 - z. Let t(a) = -62*a - 1. What is the hundreds digit of t(x)?
1
Suppose -6*a + 1 = 49. What is the hundreds digit of 8/(-3)*(a - 419/2)?
5
Suppose 5*b - 3*r - 106045 = 0, -4*r - 65676 = -4*b + 19152. What is the thousands digit of b?
1
Let q(x) = x + 29. Let t be q(-14). Let y = -15 + t. Suppose y = 8*r - 194 - 150. What is the tens digit of r?
4
Let y(p) = -7*p - 11. Let o be y(-14). Let z = 9 - 5. Suppose z*k - 165 = o. What is the units digit of k?
3
What is the hundreds digit of (9 - 6 - 8096/3)*117/(-13)?
2
Suppose -y - l - 19 + 29 = 0, 0 = -3*y + 3*l. Suppose 2*f - 4*f + y*b + 3147 = 0, 4 = -4*b. What is the hundreds digit of f?
5
Suppose 0 = -4*r - 4*p + 53032, -p - 2696 = -2701. What is the hundreds digit of r?
2
Let c = -6269 - -11494. What is the thousands digit of c?
5
What is the ten thousands digit of 54393 - ((-264)/(-22) - 23)?
5
Let c = -493 + 494. What is the hundreds digit of 57690/(-45)*(c/2 - 1)?
6
Let t(u) = -u**2 - 7*u + 18. Let r be t(-8). Suppose 0 = -r*v + 7*v + 615. What is the hundreds digit of v?
2
Suppose -3*f - 56922 = 2*h - 176703, 2*f + h = 79853. What is the thousands digit of f?
9
Let x = -514 + 902. Suppose -6*t - x = -8*t. Let q = t - 111. What is the tens digit of q?
8
Let b(p) = 1288*p**2 + 14*p - 58. What is the hundreds digit of b(4)?
6
Let v(l) = -5*l + 9. Let d be v(-23). Suppose -5*j + 446 = -d. What is the units digit of j?
4
Let y(g) = 2*g**3 - g**2 + g - 1. Let l(z) = 13*z**3 + 6*z**2 + 7*z - 4. Let r(i) = -l(i) + 4*y(i). What is the hundreds digit of r(-4)?
1
What is the hundreds digit of (5751 - -20) + -9*(-1)/3 + 3?
7
Let l = -77553 - -134427. What is the thousands digit of l?
6
What is the tens digit of (-1342913)/(-39) - (-56)/(-21)?
3
Let y = -395 + 400. Suppose l = -y*m + 832, -2*m = -4*l + 3*l + 832. What is the hundreds digit of l?
8
Suppose -31*b - 350 = -38*b. Suppose -54*l + 1364 = -b*l. What is the units digit of l?
1
Suppose 1815*p - 70 = 1808*p. Suppose -p*y - 2587 = -23*y. What is the units digit of y?
9
Let b = -6 + 4. Let s(m) = -14*m**2 - 6*m + 9. Let d(v) = -7*v**2 - 2*v + 1. Let o(r) = -5*d(r) + s(r). What is the units digit of o(b)?
0
Let f(y) = 214*y - 29. Let k be f(8). Suppose -4*t = -t - k. Let g = t - 363. What is the hundreds digit of g?
1
Let b be 0 + 2 - (1 + 29). Let s be -13 + 2*(3 + -4). Let d = s - b. What is the units digit of d?
3
Let r = 448 - 152. Suppose -l - 3*l - 740 = 0. Let c = r + l. What is the units digit of c?
1
Let b(q) be the first derivative of 48*q**2 + 12*q - 22. Let r be b(3). What is the units digit of (0 - -1)/(-2 - r/(-148))?
7
Suppose 488*h - 514*h = 26074 - 142866. What is the hundreds digit of h?
4
Let m = -56 + 72. Let h be 118*(-4)/m*-2 + 1. Suppose h = 15*n - 11*n. What is the units digit of n?
5
Let u(q) = q**3 + 31*q**2 - 51*q - 51. What is the hundreds digit of u(-22)?
4
Suppose -411*z - 20 = -416*z. Suppose 3*a - 5*u - 241 = 0, 3*a - z*a = 5*u - 47. What is the tens digit of a?
7
Let w(u) = 2*u**3 + 9*u**2 - 6*u - 5. Let k be w(-5). Let j be 10*(k + 1)*3. Suppose -z - l - 5 = -j, l + 15 = z. What is the tens digit of z?
2
Let h = -800 - -804. Suppose 0*j - 3*j = h*a - 3883, 5*j + 4*a = 6469. What is the units digit of j?
3
Suppose 136*n = -81*n + 592844. What is the thou